{"id":157,"date":"2023-10-17T13:09:04","date_gmt":"2023-10-17T11:09:04","guid":{"rendered":"https:\/\/Lebenshilfe-Gues-ukcpok3l9w.live-website.com\/?page_id=157"},"modified":"2025-09-18T08:31:32","modified_gmt":"2025-09-18T06:31:32","slug":"dienstleistungen","status":"publish","type":"page","link":"https:\/\/lebenshilfe-guestrow.com\/?page_id=157","title":{"rendered":"Service"},"content":{"rendered":"\n<figure class=\"wp-block-image size-full\"><img loading=\"lazy\" decoding=\"async\" width=\"211\" height=\"107\" src=\"https:\/\/lebenshilfe-guestrow.com\/wp-content\/uploads\/2023\/10\/Lebenshilfe-Logo-Teilhabe.png\" alt=\"\" class=\"wp-image-294\"\/><\/figure>\n\n\n\n<hr class=\"wp-block-separator has-alpha-channel-opacity\"\/>\n\n\n\n<h1 class=\"wp-block-heading has-text-align-left\">Download<\/h1>\n\n\n\n<p><a href=\"https:\/\/lebenshilfe-guestrow.com\/wp-content\/uploads\/2023\/12\/Voranmeldung-auf-einen-Betreuungsplatz.pdf\" data-type=\"attachment\" data-id=\"1044\" target=\"_blank\" rel=\"noreferrer noopener\">Voranmeldung Kita-Platz<\/a><\/p>\n\n\n\n<p><a href=\"https:\/\/lebenshilfe-guestrow.com\/wp-content\/uploads\/2023\/12\/Betreuungsvertrag-Kita.pdf\" data-type=\"attachment\" data-id=\"1185\" target=\"_blank\" rel=\"noreferrer noopener\">Betreuungsvertrag Kita<\/a><\/p>\n\n\n\n<p><a href=\"https:\/\/lebenshilfe-guestrow.com\/wp-content\/uploads\/2023\/10\/wohnstaettenvertrag.pdf\" data-type=\"attachment\" data-id=\"378\" target=\"_blank\" rel=\"noreferrer noopener\">Wohnst\u00e4ttenvertrag<\/a><\/p>\n\n\n\n<p><a href=\"https:\/\/lebenshilfe-guestrow.com\/wp-content\/uploads\/2023\/11\/Beitrittserklaerung.pdf\" data-type=\"attachment\" data-id=\"456\" target=\"_blank\" rel=\"noreferrer noopener\">Beitrittserkl\u00e4rung Mitgliedschaft Lebenshilfe G\u00fcstrow e.V.<\/a><\/p>\n\n\n\n<p><a href=\"https:\/\/lebenshilfe-guestrow.com\/wp-content\/uploads\/2025\/09\/Formular-Sommerschliesszeit.pdf\" data-type=\"attachment\" data-id=\"2284\" target=\"_blank\" rel=\"noreferrer noopener\">Formular Sommerschlie\u00dfzeit in der Kita zur Bescheinigung durch Sorgeberechtigte und Arbeitgeber<\/a><\/p>\n\n\n\n<hr class=\"wp-block-separator has-alpha-channel-opacity\"\/>\n\n\n\n<h1 class=\"wp-block-heading\">Informationen des Landkreises Rostock<\/h1>\n\n\n\n<p><a href=\"https:\/\/www.landkreis-rostock.de\/de\/zustaendigkeit-sozialamt\/leistung\/515\/wohnort\/11\/zustaendigestellen\/82\/leistungen_zur_sozialen_teilhabe.html\" target=\"_blank\" rel=\"noreferrer noopener\">soziale Teilhabe \/ Eingliederungshilfe<\/a><\/p>\n\n\n\n<p><a href=\"https:\/\/www.landkreis-rostock.de\/de\/zustaendigkeit-sozialamt\/leistung\/495\/hilfe_zur_pflege_beantragen.html\" target=\"_blank\" rel=\"noreferrer noopener\">Hilfe zur Pflege<\/a><\/p>\n\n\n\n<hr class=\"wp-block-separator has-alpha-channel-opacity\"\/>\n\n\n\n<h2 class=\"wp-block-heading\">Bubl &#8211; die unabh\u00e4ngige Beschwerdestelle f\u00fcr die Lebenshilfe<\/h2>\n\n\n\n<p class=\"has-text-align-center\">Bubl, das hei\u00dft <strong>b<\/strong>undesweite <strong>u<\/strong>nabh\u00e4ngige <strong>B<\/strong>eschwerdestelle f\u00fcr die <strong>L<\/strong>ebenshilfe<\/p>\n\n\n\n<div class=\"wp-block-media-text is-stacked-on-mobile\"><figure class=\"wp-block-media-text__media\"><img loading=\"lazy\" decoding=\"async\" width=\"480\" height=\"234\" src=\"https:\/\/Lebenshilfe-Gues-ukcpok3l9w.live-website.com\/wp-content\/uploads\/2024\/02\/BUBL-Logo.jpg\" alt=\"\" class=\"wp-image-1439 size-full\" srcset=\"https:\/\/lebenshilfe-guestrow.com\/wp-content\/uploads\/2024\/02\/BUBL-Logo.jpg 480w, https:\/\/lebenshilfe-guestrow.com\/wp-content\/uploads\/2024\/02\/BUBL-Logo-300x146.jpg 300w\" sizes=\"auto, (max-width: 480px) 100vw, 480px\" \/><\/figure><div class=\"wp-block-media-text__content\">\n<p><\/p>\n\n\n\n<blockquote class=\"wp-block-quote is-layout-flow wp-block-quote-is-layout-flow\">\n<p>Menschen mit Behinderung, die von der Lebenshilfe betreut werden, k\u00f6nnen sich bei Bubl melden, wenn sie eine Beschwerde haben und sie vor Ort nicht zu einer L\u00f6sung kommen. Auch ihre Angeh\u00f6rigen und Freunde sowie Mitarbeiter der Lebenshilfe k\u00f6nnen sich an Bubl wenden.<\/p>\n<cite>Bundesvereinigung der Lebenshilfe<\/cite><\/blockquote>\n\n\n\n<p>Weiter Informationen und Hilfen &#8211; <a href=\"https:\/\/www.lebenshilfe.de\/ueber-uns\/bubl\/\" target=\"_blank\" rel=\"noreferrer noopener\">Bubl<\/a><\/p>\n<\/div><\/div>\n\n\n\n<hr class=\"wp-block-separator has-alpha-channel-opacity\"\/>\n\n\n\n<h1 class=\"wp-block-heading\">Hinweisgeberschutzgesetz<\/h1>\n\n\n\n<p>Das Hinweisgeberschutzgesetz (HinSchG) dient der Umsetzung der europ\u00e4ischen Whistleblower-Richtlinie. Ziel des HinSchG ist es, den Schutz hinweisgebender Personen und sonstiger von einer Meldung betroffener Personen zu st\u00e4rken und sicherzustellen, das ihnen im Rahmen der Vorgaben des Gesetztes keine Benachteiligungen drohen.<\/p>\n\n\n\n<p>Ziel des HinSchG ist es, den Schutz hinweisgebender Personen und sonstiger von einer Meldung betroffener Personen zu st\u00e4rken und sicherzustellen, dass ihnen im Rahmen der Vorgaben des Gesetztes keine Benachteiligungen drohen.<\/p>\n\n\n\n<p>Nicht gesch\u00fctzt werden hingegen Personen, die missbr\u00e4uchlich oder b\u00f6swillig unrichtige Informationen melden. In objektiver Hinsicht verlangt ein hinreichender Grund zur Annahme eines Versto\u00dfes, dass tats\u00e4chliche Ankn\u00fcpfungspunkte f\u00fcr diesen vorliegen. Nicht erfasst sind damit Spekulationen. Die Meldung oder Offenlegung darf nicht leichtfertig ohne ein Bem\u00fchen um Verifizierung erfolgen, sofern diese Bem\u00fchungen zumutbar sind.<\/p>\n\n\n\n<p><strong>Meldestelle der Lebenshilfe G\u00fcstrow e.V.<\/strong><\/p>\n\n\n\n<p><a href=\"https:\/\/lebenshilfe-guestrow.ak-compliance.de\" target=\"_blank\" rel=\"noreferrer noopener\">https:\/\/lebenshilfe-guestrow.ak-compliance.de<\/a><\/p>\n\n\n\n<p>Die bei der Meldestelle eingehenden Meldungen unterliegen einer umfassenden Dokumentations- und Aufbewahrungspflicht. Dabei gilt grunds\u00e4tzlich eine dreij\u00e4hrige Aufbewahrungsfrist, die jedoch verl\u00e4ngert werden kann, um gesetzliche Anforderungen zu erf\u00fcllen, solange dies erforderlich und verh\u00e4ltnism\u00e4\u00dfig ist.<\/p>\n","protected":false},"excerpt":{"rendered":"<p>Download Voranmeldung Kita-Platz Betreuungsvertrag Kita Wohnst\u00e4ttenvertrag Beitrittserkl\u00e4rung Mitgliedschaft Lebenshilfe G\u00fcstrow e.V. Formular Sommerschlie\u00dfzeit in der Kita zur Bescheinigung durch Sorgeberechtigte und Arbeitgeber Informationen des Landkreises Rostock soziale Teilhabe \/ Eingliederungshilfe Hilfe zur Pflege Bubl &#8211; die unabh\u00e4ngige Beschwerdestelle f\u00fcr die Lebenshilfe Bubl, das hei\u00dft bundesweite unabh\u00e4ngige Beschwerdestelle f\u00fcr die Lebenshilfe Hinweisgeberschutzgesetz Das Hinweisgeberschutzgesetz (HinSchG) dient [&hellip;]<\/p>\n","protected":false},"author":1,"featured_media":0,"parent":12,"menu_order":0,"comment_status":"closed","ping_status":"closed","template":"","meta":{"ocean_post_layout":"","ocean_both_sidebars_style":"","ocean_both_sidebars_content_width":0,"ocean_both_sidebars_sidebars_width":0,"ocean_sidebar":"","ocean_second_sidebar":"","ocean_disable_margins":"enable","ocean_add_body_class":"","ocean_shortcode_before_top_bar":"","ocean_shortcode_after_top_bar":"","ocean_shortcode_before_header":"","ocean_shortcode_after_header":"","ocean_has_shortcode":"","ocean_shortcode_after_title":"","ocean_shortcode_before_footer_widgets":"","ocean_shortcode_after_footer_widgets":"","ocean_shortcode_before_footer_bottom":"","ocean_shortcode_after_footer_bottom":"","ocean_display_top_bar":"default","ocean_display_header":"default","ocean_header_style":"","ocean_center_header_left_menu":"","ocean_custom_header_template":"","ocean_custom_logo":0,"ocean_custom_retina_logo":0,"ocean_custom_logo_max_width":0,"ocean_custom_logo_tablet_max_width":0,"ocean_custom_logo_mobile_max_width":0,"ocean_custom_logo_max_height":0,"ocean_custom_logo_tablet_max_height":0,"ocean_custom_logo_mobile_max_height":0,"ocean_header_custom_menu":"","ocean_menu_typo_font_family":"","ocean_menu_typo_font_subset":"","ocean_menu_typo_font_size":0,"ocean_menu_typo_font_size_tablet":0,"ocean_menu_typo_font_size_mobile":0,"ocean_menu_typo_font_size_unit":"px","ocean_menu_typo_font_weight":"","ocean_menu_typo_font_weight_tablet":"","ocean_menu_typo_font_weight_mobile":"","ocean_menu_typo_transform":"","ocean_menu_typo_transform_tablet":"","ocean_menu_typo_transform_mobile":"","ocean_menu_typo_line_height":0,"ocean_menu_typo_line_height_tablet":0,"ocean_menu_typo_line_height_mobile":0,"ocean_menu_typo_line_height_unit":"","ocean_menu_typo_spacing":0,"ocean_menu_typo_spacing_tablet":0,"ocean_menu_typo_spacing_mobile":0,"ocean_menu_typo_spacing_unit":"","ocean_menu_link_color":"","ocean_menu_link_color_hover":"","ocean_menu_link_color_active":"","ocean_menu_link_background":"","ocean_menu_link_hover_background":"","ocean_menu_link_active_background":"","ocean_menu_social_links_bg":"","ocean_menu_social_hover_links_bg":"","ocean_menu_social_links_color":"","ocean_menu_social_hover_links_color":"","ocean_disable_title":"default","ocean_disable_heading":"default","ocean_post_title":"","ocean_post_subheading":"","ocean_post_title_style":"","ocean_post_title_background_color":"","ocean_post_title_background":0,"ocean_post_title_bg_image_position":"","ocean_post_title_bg_image_attachment":"","ocean_post_title_bg_image_repeat":"","ocean_post_title_bg_image_size":"","ocean_post_title_height":0,"ocean_post_title_bg_overlay":0.5,"ocean_post_title_bg_overlay_color":"","ocean_disable_breadcrumbs":"default","ocean_breadcrumbs_color":"","ocean_breadcrumbs_separator_color":"","ocean_breadcrumbs_links_color":"","ocean_breadcrumbs_links_hover_color":"","ocean_display_footer_widgets":"default","ocean_display_footer_bottom":"default","ocean_custom_footer_template":"","footnotes":""},"class_list":["post-157","page","type-page","status-publish","hentry","entry"],"_links":{"self":[{"href":"https:\/\/lebenshilfe-guestrow.com\/index.php?rest_route=\/wp\/v2\/pages\/157","targetHints":{"allow":["GET"]}}],"collection":[{"href":"https:\/\/lebenshilfe-guestrow.com\/index.php?rest_route=\/wp\/v2\/pages"}],"about":[{"href":"https:\/\/lebenshilfe-guestrow.com\/index.php?rest_route=\/wp\/v2\/types\/page"}],"author":[{"embeddable":true,"href":"https:\/\/lebenshilfe-guestrow.com\/index.php?rest_route=\/wp\/v2\/users\/1"}],"replies":[{"embeddable":true,"href":"https:\/\/lebenshilfe-guestrow.com\/index.php?rest_route=%2Fwp%2Fv2%2Fcomments&post=157"}],"version-history":[{"count":33,"href":"https:\/\/lebenshilfe-guestrow.com\/index.php?rest_route=\/wp\/v2\/pages\/157\/revisions"}],"predecessor-version":[{"id":2301,"href":"https:\/\/lebenshilfe-guestrow.com\/index.php?rest_route=\/wp\/v2\/pages\/157\/revisions\/2301"}],"up":[{"embeddable":true,"href":"https:\/\/lebenshilfe-guestrow.com\/index.php?rest_route=\/wp\/v2\/pages\/12"}],"wp:attachment":[{"href":"https:\/\/lebenshilfe-guestrow.com\/index.php?rest_route=%2Fwp%2Fv2%2Fmedia&parent=157"}],"curies":[{"name":"wp","href":"https:\/\/api.w.org\/{rel}","templated":true}]}}