{"id":463,"date":"2023-11-15T14:39:51","date_gmt":"2023-11-15T13:39:51","guid":{"rendered":"https:\/\/Lebenshilfe-Gues-ukcpok3l9w.live-website.com\/?page_id=463"},"modified":"2026-03-27T08:58:59","modified_gmt":"2026-03-27T07:58:59","slug":"mitarbeiten","status":"publish","type":"page","link":"https:\/\/lebenshilfe-guestrow.com\/?page_id=463","title":{"rendered":"Mitarbeiten"},"content":{"rendered":"\n<p><\/p>\n\n\n\n<hr class=\"wp-block-separator has-text-color has-white-color has-alpha-channel-opacity has-white-background-color has-background\"\/>\n\n\n\n<div class=\"wp-block-cover is-light\" style=\"min-height:386px;aspect-ratio:unset;\"><img loading=\"lazy\" decoding=\"async\" width=\"1200\" height=\"800\" class=\"wp-block-cover__image-background wp-image-740\" alt=\"\" src=\"https:\/\/Lebenshilfe-Gues-ukcpok3l9w.live-website.com\/wp-content\/uploads\/2023\/11\/Wohnstaetten.jpg\" style=\"object-position:49% 40%\" data-object-fit=\"cover\" data-object-position=\"49% 40%\" srcset=\"https:\/\/lebenshilfe-guestrow.com\/wp-content\/uploads\/2023\/11\/Wohnstaetten.jpg 1200w, https:\/\/lebenshilfe-guestrow.com\/wp-content\/uploads\/2023\/11\/Wohnstaetten-300x200.jpg 300w, https:\/\/lebenshilfe-guestrow.com\/wp-content\/uploads\/2023\/11\/Wohnstaetten-1024x683.jpg 1024w, https:\/\/lebenshilfe-guestrow.com\/wp-content\/uploads\/2023\/11\/Wohnstaetten-768x512.jpg 768w\" sizes=\"auto, (max-width: 1200px) 100vw, 1200px\" \/><span aria-hidden=\"true\" class=\"wp-block-cover__background has-background-dim-0 has-background-dim\"><\/span><div class=\"wp-block-cover__inner-container is-layout-constrained wp-block-cover-is-layout-constrained\">\n<p class=\"has-text-align-center has-large-font-size\"><\/p>\n<\/div><\/div>\n\n\n\n<hr class=\"wp-block-separator has-alpha-channel-opacity\"\/>\n\n\n\n<div class=\"wp-block-columns is-layout-flex wp-container-core-columns-is-layout-9d6595d7 wp-block-columns-is-layout-flex\">\n<div class=\"wp-block-column is-layout-flow wp-block-column-is-layout-flow\" style=\"flex-basis:11%\"><\/div>\n\n\n\n<div class=\"wp-block-column is-layout-flow wp-block-column-is-layout-flow\" style=\"flex-basis:59%\">\n<div class=\"wp-block-columns is-layout-flex wp-container-core-columns-is-layout-9d6595d7 wp-block-columns-is-layout-flex\">\n<div class=\"wp-block-column has-background is-layout-flow wp-block-column-is-layout-flow\" style=\"background-color:#d8e6ed\">\n<h2 class=\"wp-block-heading has-text-align-center has-medium-font-size\"><a href=\"#Ehrenamt\">Ehrenamtliches Engagement<\/a><\/h2>\n<\/div>\n\n\n\n<div class=\"wp-block-column has-background is-layout-flow wp-block-column-is-layout-flow\" style=\"background-color:#d8e6ed\">\n<h2 class=\"wp-block-heading has-text-align-center has-medium-font-size\"><a href=\"#Stellenausschreibung\">Stellenausschreibung alle Einrichtungen<\/a><\/h2>\n<\/div>\n<\/div>\n\n\n\n<p><\/p>\n\n\n\n<h1 class=\"wp-block-heading has-text-align-center\" id=\"Ehrenamt\">Ehrenamtliches Engagement<\/h1>\n\n\n\n<blockquote class=\"wp-block-quote is-layout-flow wp-block-quote-is-layout-flow\">\n<p>Sie m\u00f6chten sich f\u00fcr Menschen mit Behinderung engagieren? Dann sind Sie bei der Lebenshilfe genau richtig. Wir suchen Menschen, die auch jenseits von Beruf und Familie Verantwortung \u00fcbernehmen m\u00f6chten, Menschen, die sich mitten in der Alltagshektik den Raum f\u00fcr ihre soziale Ader nehmen.<\/p>\n\n\n\n<p><strong>Warum Ihr ehrenamtliches Engagement wichtig ist<\/strong><\/p>\n\n\n\n<p>Freiwillige Mitarbeit in der Lebenshilfe hat eine unsch\u00e4tzbare Bedeutung: Ohne sie blieben viele kulturelle und soziale Aktivit\u00e4ten f\u00fcr Menschen mit Behinderung verschlossen, und ohne sie ist Inklusion nicht m\u00f6glich. Unsch\u00e4tzbar hei\u00dft aber auch: Sie sollen uns nichts ersparen! In der Lebenshilfe wird Ihr Engagement als Erg\u00e4nzung und Bereicherung der bezahlten, hauptamtlichen Arbeit eingesetzt &#8211; und niemals als Ersatz.<\/p>\n<cite><a href=\"https:\/\/www.lebenshilfe.de\/mitmachen\/aktiv-werden\/freiwilliges-engagement\/freiwilliges-engagement-in-der-lebenshilfe\/\" target=\"_blank\" rel=\"noreferrer noopener\">Bundesvereinigung Lebenshilfe e.V.<\/a><\/cite><\/blockquote>\n\n\n\n<p class=\"has-text-align-center\">Haben Sie Lust auf ein ehrenamtliches Engagement bekommen? Nehmen Sie mit uns Kontakt auf. <\/p>\n\n\n\n<p class=\"has-text-align-center\">Wir freuen uns \u00fcber Ihre Unterst\u00fctzung!<\/p>\n\n\n\n<p class=\"has-text-align-center\"><a href=\"https:\/\/lebenshilfe-guestrow.com\/wp-content\/uploads\/2023\/12\/Ideen_fuer_freiwilliges_Engagement_in_der_Lebenshilfe.pdf\" data-type=\"attachment\" data-id=\"803\" target=\"_blank\" rel=\"noreferrer noopener\">Ideen f\u00fcr freiwilliges Engagement in der Lebenshilfe<\/a><\/p>\n\n\n\n<hr class=\"wp-block-separator has-alpha-channel-opacity is-style-wide\"\/>\n\n\n\n<h1 class=\"wp-block-heading has-text-align-center\" id=\"Stellenausschreibung\">Stellenausschreibung<\/h1>\n\n\n\n<p>Die Lebenshilfe G\u00fcstrow e.V. hei\u00dft alle Menschen mit Behinderung willkommen. Wir sch\u00e4tzen die Einmaligkeit und Unverwechselbarkeit der unterschiedlichen Pers\u00f6nlichkeiten. Unter dem Leitbild:<\/p>\n\n\n\n<p class=\"has-text-align-center\"><strong>&#8222;Miteinander leben, voneinander lernen, aneinander wachsen&#8220;<\/strong><\/p>\n\n\n\n<p>Jeder Mensch ist mit seinen St\u00e4rken und seiner Individualit\u00e4t wertvoll und wichtig und Teil unserer Gemeinschaft.<\/p>\n\n\n\n<p>Wenn Sie sich mit unseren Werten identifizieren, hei\u00dfen wir Sie herzlich willkommen als<\/p>\n\n\n\n<p class=\"has-text-align-center\"><strong>Heilerziehungspfleger\/in, Heilerzieher\/in, Erzieher\/in auch mit SPZ, Heilp\u00e4dagogen, Sozialp\u00e4dagogen oder Pflegefachkr\u00e4fte<\/strong><\/p>\n\n\n\n<hr class=\"wp-block-separator has-alpha-channel-opacity\"\/>\n\n\n\n<div class=\"wp-block-columns is-layout-flex wp-container-core-columns-is-layout-9d6595d7 wp-block-columns-is-layout-flex\">\n<div class=\"wp-block-column has-background is-layout-flow wp-block-column-is-layout-flow\" style=\"background-color:#d8e6ed\">\n<p class=\"has-text-align-center has-medium-font-size\"><strong>Kita &#8222;Landm\u00e4use&#8220; in Diekhof<\/strong><\/p>\n\n\n\n<p>Heilerziehungspfleger, Heilerzieher, Erzieher mit SPZ <\/p>\n\n\n\n<p class=\"has-text-align-center has-medium-font-size\"><strong>f\u00fcr die heilp\u00e4dagogische Begleitung<\/strong><\/p>\n\n\n\n<p class=\"has-text-align-center\"><a href=\"https:\/\/lebenshilfe-guestrow.com\/wp-content\/uploads\/2026\/03\/Stellenausschreibung-Diekhof-heilpaedagogische-Begleitung-1.pdf\" data-type=\"attachment\" data-id=\"2401\" target=\"_blank\" rel=\"noreferrer noopener\"><strong>zur Stellenausschreibung<\/strong><\/a><\/p>\n<\/div>\n\n\n\n<div class=\"wp-block-column has-background is-layout-flow wp-block-column-is-layout-flow\" style=\"background-color:#d8e6ed\">\n<p class=\"has-text-align-center has-medium-font-size\"><strong>Kita &#8222;Landm\u00e4use&#8220; in Diekhof<\/strong><\/p>\n\n\n\n<p>Heilerziehungspfleger, Heilerzieher, Erzieher mit SPZ, Sozialp\u00e4dagogen<\/p>\n\n\n\n<p class=\"has-text-align-center has-medium-font-size\"><strong>als Erzieher im Gruppendienst<\/strong><\/p>\n\n\n\n<p class=\"has-text-align-center\"><a href=\"https:\/\/lebenshilfe-guestrow.com\/wp-content\/uploads\/2025\/06\/Stellenausschreibung-Diekhof-Erzieher-Heilerzieher.pdf\" data-type=\"attachment\" data-id=\"2170\" target=\"_blank\" rel=\"noreferrer noopener\"><strong>zur Stellenausschreibung<\/strong><\/a><\/p>\n<\/div>\n<\/div>\n\n\n\n<hr class=\"wp-block-separator has-alpha-channel-opacity\"\/>\n\n\n\n<p class=\"has-text-align-center has-text-color has-link-color has-medium-font-size wp-elements-ad986075a2c40a47ba7315e47fd23a07\" style=\"color:#247fb3\">Nichts passendes dabei?<\/p>\n\n\n\n<p class=\"has-text-align-center has-black-color has-text-color has-link-color has-medium-font-size wp-elements-1b14ebf75a6d3680916d15e060228708\">Gerne k\u00f6nnen Sie eine Initiativbewerbung bei der Gesch\u00e4ftsstelle einreichen.<\/p>\n\n\n\n<hr class=\"wp-block-separator has-alpha-channel-opacity\"\/>\n<\/div>\n\n\n\n<div class=\"wp-block-column is-layout-flow wp-block-column-is-layout-flow\"><\/div>\n\n\n\n<div class=\"wp-block-column is-layout-flow wp-block-column-is-layout-flow\" style=\"flex-basis:16%\">\n<h2 class=\"wp-block-heading\">Kontakt<\/h2>\n\n\n\n<figure class=\"wp-block-table is-style-stripes has-small-font-size\"><table class=\"has-text-color has-link-color\" style=\"color:#0b67b7\"><tbody><tr><td><strong>Gesch\u00e4ftsstelle<\/strong>:<br>Lebenshilfe G\u00fcstrow e.V.<br>Gustav-Adolf-Stra\u00dfe 8<br>18273 G\u00fcstrow<\/td><\/tr><tr><td>Tel: 03843 \/ 85 59-0<br>Fax: 03843 \/ 85 59 10<br><a href=\"mailto:post@lebenshilfe-guestrow.de\" target=\"_blank\" rel=\"noreferrer noopener\">post@lebenshilfe-guestrow.de<\/a><\/td><\/tr><tr><td><strong>Gesch\u00e4ftsleitung<\/strong><br>Frau Dagmar Kluge<\/td><\/tr><\/tbody><\/table><\/figure>\n\n\n\n<h2 class=\"wp-block-heading\">Mitglied im:<\/h2>\n\n\n\n<p class=\"has-small-font-size\"><a href=\"https:\/\/www.lebenshilfe-mv.de\/de\/\" target=\"_blank\" rel=\"noreferrer noopener\">Landesverband Lebenshilfe M-V e.V.<\/a><\/p>\n\n\n\n<p class=\"has-small-font-size\"><a href=\"https:\/\/www.lebenshilfe.de\/ueber-uns\" target=\"_blank\" rel=\"noreferrer noopener\">Bundesvereinigung Lebenshilfe e.V.<\/a><\/p>\n\n\n\n<p class=\"has-small-font-size\"><a href=\"http:\/\/Startseite | Der Parit\u00e4tische Mecklenburg-Vorpommern (paritaet-mv.de)\" target=\"_blank\" rel=\"noreferrer noopener\">Spitzenverband Der Parit\u00e4tische M-V e.V.<\/a><\/p>\n\n\n\n<hr class=\"wp-block-separator has-text-color has-alpha-channel-opacity has-background is-style-wide\" style=\"background-color:#0b67b7;color:#0b67b7\"\/>\n\n\n\n<h2 class=\"wp-block-heading\">Aus unseren Einrichtungen<\/h2>\n\n\n<div class=\"wp-block-categories-dropdown wp-block-categories has-small-font-size\"><label class=\"wp-block-categories__label\" for=\"wp-block-categories-1\">Kategorien<\/label><select  name='category_name' id='wp-block-categories-1' class='postform'>\n\t<option value='-1'>Kategorie ausw\u00e4hlen<\/option>\n\t<option class=\"level-0\" value=\"allgemein-lebenshilfe-guestrow\">Allgemein Lebenshilfe G\u00fcstrow e.V.<\/option>\n\t<option class=\"level-1\" value=\"familienentlastender-dienst\">&nbsp;&nbsp;&nbsp;familienentlastender Dienst<\/option>\n\t<option class=\"level-0\" value=\"ilb\">iLb<\/option>\n\t<option class=\"level-0\" value=\"kita\">Kita<\/option>\n\t<option class=\"level-1\" value=\"kita-die-landmaeuse\">&nbsp;&nbsp;&nbsp;Kita &#8222;Die Landm\u00e4use&#8220;<\/option>\n\t<option class=\"level-1\" value=\"kita-medicus\">&nbsp;&nbsp;&nbsp;Kita &#8222;Medicus&#8220;<\/option>\n\t<option class=\"level-1\" value=\"kita-ostwind\">&nbsp;&nbsp;&nbsp;Kita &#8222;Ostwind&#8220;<\/option>\n\t<option class=\"level-1\" value=\"kita-schnatterstuebchen\">&nbsp;&nbsp;&nbsp;Kita &#8222;Schnatterst\u00fcbchen&#8220;<\/option>\n\t<option class=\"level-1\" value=\"kita-sonnenkinder\">&nbsp;&nbsp;&nbsp;Kita &#8222;Sonnenkinder&#8220;<\/option>\n\t<option class=\"level-0\" value=\"wohnstaetten\">Wohnst\u00e4tten<\/option>\n<\/select><script>\n( ( [ dropdownId, homeUrl ] ) => {\n\t\tconst dropdown = document.getElementById( dropdownId );\n\t\tfunction onSelectChange() {\n\t\t\tsetTimeout( () => {\n\t\t\t\tif ( 'escape' === dropdown.dataset.lastkey ) {\n\t\t\t\t\treturn;\n\t\t\t\t}\n\t\t\t\tif ( dropdown.value && dropdown instanceof HTMLSelectElement ) {\n\t\t\t\t\tconst url = new URL( homeUrl );\n\t\t\t\t\turl.searchParams.set( dropdown.name, dropdown.value );\n\t\t\t\t\tlocation.href = url.href;\n\t\t\t\t}\n\t\t\t}, 250 );\n\t\t}\n\t\tfunction onKeyUp( event ) {\n\t\t\tif ( 'Escape' === event.key ) {\n\t\t\t\tdropdown.dataset.lastkey = 'escape';\n\t\t\t} else {\n\t\t\t\tdelete dropdown.dataset.lastkey;\n\t\t\t}\n\t\t}\n\t\tfunction onClick() {\n\t\t\tdelete dropdown.dataset.lastkey;\n\t\t}\n\t\tdropdown.addEventListener( 'keyup', onKeyUp );\n\t\tdropdown.addEventListener( 'click', onClick );\n\t\tdropdown.addEventListener( 'change', onSelectChange );\n\t} )( [\"wp-block-categories-1\",\"https:\/\/lebenshilfe-guestrow.com\"] );\n\/\/# sourceURL=build_dropdown_script_block_core_categories\n<\/script>\n\n<\/div>\n\n\n<hr class=\"wp-block-separator has-text-color has-alpha-channel-opacity has-background is-style-wide\" style=\"background-color:#0b67b7;color:#0b67b7\"\/>\n\n\n\n<h2 class=\"wp-block-heading\">Archiv<\/h2>\n\n\n<ul class=\"wp-block-archives-list wp-block-archives has-small-font-size\">\t<li><a href='https:\/\/lebenshilfe-guestrow.com\/?m=202604'>April 2026<\/a><\/li>\n\t<li><a href='https:\/\/lebenshilfe-guestrow.com\/?m=202602'>Februar 2026<\/a><\/li>\n\t<li><a href='https:\/\/lebenshilfe-guestrow.com\/?m=202601'>Januar 2026<\/a><\/li>\n\t<li><a href='https:\/\/lebenshilfe-guestrow.com\/?m=202511'>November 2025<\/a><\/li>\n\t<li><a href='https:\/\/lebenshilfe-guestrow.com\/?m=202508'>August 2025<\/a><\/li>\n\t<li><a href='https:\/\/lebenshilfe-guestrow.com\/?m=202507'>Juli 2025<\/a><\/li>\n\t<li><a href='https:\/\/lebenshilfe-guestrow.com\/?m=202506'>Juni 2025<\/a><\/li>\n\t<li><a href='https:\/\/lebenshilfe-guestrow.com\/?m=202505'>Mai 2025<\/a><\/li>\n\t<li><a href='https:\/\/lebenshilfe-guestrow.com\/?m=202504'>April 2025<\/a><\/li>\n\t<li><a href='https:\/\/lebenshilfe-guestrow.com\/?m=202501'>Januar 2025<\/a><\/li>\n\t<li><a href='https:\/\/lebenshilfe-guestrow.com\/?m=202412'>Dezember 2024<\/a><\/li>\n\t<li><a href='https:\/\/lebenshilfe-guestrow.com\/?m=202411'>November 2024<\/a><\/li>\n\t<li><a href='https:\/\/lebenshilfe-guestrow.com\/?m=202409'>September 2024<\/a><\/li>\n\t<li><a href='https:\/\/lebenshilfe-guestrow.com\/?m=202406'>Juni 2024<\/a><\/li>\n\t<li><a href='https:\/\/lebenshilfe-guestrow.com\/?m=202404'>April 2024<\/a><\/li>\n\t<li><a href='https:\/\/lebenshilfe-guestrow.com\/?m=202403'>M\u00e4rz 2024<\/a><\/li>\n\t<li><a href='https:\/\/lebenshilfe-guestrow.com\/?m=202402'>Februar 2024<\/a><\/li>\n\t<li><a href='https:\/\/lebenshilfe-guestrow.com\/?m=202312'>Dezember 2023<\/a><\/li>\n\t<li><a href='https:\/\/lebenshilfe-guestrow.com\/?m=202311'>November 2023<\/a><\/li>\n\t<li><a href='https:\/\/lebenshilfe-guestrow.com\/?m=202310'>Oktober 2023<\/a><\/li>\n\t<li><a href='https:\/\/lebenshilfe-guestrow.com\/?m=202302'>Februar 2023<\/a><\/li>\n\t<li><a href='https:\/\/lebenshilfe-guestrow.com\/?m=202208'>August 2022<\/a><\/li>\n<\/ul><\/div>\n<\/div>\n\n\n\n<p><\/p>\n","protected":false},"excerpt":{"rendered":"<p>Ehrenamtliches Engagement Stellenausschreibung alle Einrichtungen Ehrenamtliches Engagement Sie m\u00f6chten sich f\u00fcr Menschen mit Behinderung engagieren? Dann sind Sie bei der Lebenshilfe genau richtig. Wir suchen Menschen, die auch jenseits von Beruf und Familie Verantwortung \u00fcbernehmen m\u00f6chten, Menschen, die sich mitten in der Alltagshektik den Raum f\u00fcr ihre soziale Ader nehmen. Warum Ihr ehrenamtliches Engagement wichtig [&hellip;]<\/p>\n","protected":false},"author":1,"featured_media":0,"parent":450,"menu_order":0,"comment_status":"closed","ping_status":"closed","template":"","meta":{"ocean_post_layout":"full-screen","ocean_both_sidebars_style":"","ocean_both_sidebars_content_width":0,"ocean_both_sidebars_sidebars_width":0,"ocean_sidebar":"","ocean_second_sidebar":"","ocean_disable_margins":"enable","ocean_add_body_class":"","ocean_shortcode_before_top_bar":"","ocean_shortcode_after_top_bar":"","ocean_shortcode_before_header":"","ocean_shortcode_after_header":"","ocean_has_shortcode":"","ocean_shortcode_after_title":"","ocean_shortcode_before_footer_widgets":"","ocean_shortcode_after_footer_widgets":"","ocean_shortcode_before_footer_bottom":"","ocean_shortcode_after_footer_bottom":"","ocean_display_top_bar":"default","ocean_display_header":"default","ocean_header_style":"","ocean_center_header_left_menu":"","ocean_custom_header_template":"","ocean_custom_logo":0,"ocean_custom_retina_logo":0,"ocean_custom_logo_max_width":0,"ocean_custom_logo_tablet_max_width":0,"ocean_custom_logo_mobile_max_width":0,"ocean_custom_logo_max_height":0,"ocean_custom_logo_tablet_max_height":0,"ocean_custom_logo_mobile_max_height":0,"ocean_header_custom_menu":"","ocean_menu_typo_font_family":"","ocean_menu_typo_font_subset":"","ocean_menu_typo_font_size":0,"ocean_menu_typo_font_size_tablet":0,"ocean_menu_typo_font_size_mobile":0,"ocean_menu_typo_font_size_unit":"px","ocean_menu_typo_font_weight":"","ocean_menu_typo_font_weight_tablet":"","ocean_menu_typo_font_weight_mobile":"","ocean_menu_typo_transform":"","ocean_menu_typo_transform_tablet":"","ocean_menu_typo_transform_mobile":"","ocean_menu_typo_line_height":0,"ocean_menu_typo_line_height_tablet":0,"ocean_menu_typo_line_height_mobile":0,"ocean_menu_typo_line_height_unit":"","ocean_menu_typo_spacing":0,"ocean_menu_typo_spacing_tablet":0,"ocean_menu_typo_spacing_mobile":0,"ocean_menu_typo_spacing_unit":"","ocean_menu_link_color":"","ocean_menu_link_color_hover":"","ocean_menu_link_color_active":"","ocean_menu_link_background":"","ocean_menu_link_hover_background":"","ocean_menu_link_active_background":"","ocean_menu_social_links_bg":"","ocean_menu_social_hover_links_bg":"","ocean_menu_social_links_color":"","ocean_menu_social_hover_links_color":"","ocean_disable_title":"default","ocean_disable_heading":"default","ocean_post_title":"","ocean_post_subheading":"","ocean_post_title_style":"","ocean_post_title_background_color":"","ocean_post_title_background":0,"ocean_post_title_bg_image_position":"","ocean_post_title_bg_image_attachment":"","ocean_post_title_bg_image_repeat":"","ocean_post_title_bg_image_size":"","ocean_post_title_height":0,"ocean_post_title_bg_overlay":0.5,"ocean_post_title_bg_overlay_color":"","ocean_disable_breadcrumbs":"default","ocean_breadcrumbs_color":"","ocean_breadcrumbs_separator_color":"","ocean_breadcrumbs_links_color":"","ocean_breadcrumbs_links_hover_color":"","ocean_display_footer_widgets":"default","ocean_display_footer_bottom":"default","ocean_custom_footer_template":"","footnotes":""},"class_list":["post-463","page","type-page","status-publish","hentry","entry"],"_links":{"self":[{"href":"https:\/\/lebenshilfe-guestrow.com\/index.php?rest_route=\/wp\/v2\/pages\/463","targetHints":{"allow":["GET"]}}],"collection":[{"href":"https:\/\/lebenshilfe-guestrow.com\/index.php?rest_route=\/wp\/v2\/pages"}],"about":[{"href":"https:\/\/lebenshilfe-guestrow.com\/index.php?rest_route=\/wp\/v2\/types\/page"}],"author":[{"embeddable":true,"href":"https:\/\/lebenshilfe-guestrow.com\/index.php?rest_route=\/wp\/v2\/users\/1"}],"replies":[{"embeddable":true,"href":"https:\/\/lebenshilfe-guestrow.com\/index.php?rest_route=%2Fwp%2Fv2%2Fcomments&post=463"}],"version-history":[{"count":75,"href":"https:\/\/lebenshilfe-guestrow.com\/index.php?rest_route=\/wp\/v2\/pages\/463\/revisions"}],"predecessor-version":[{"id":2411,"href":"https:\/\/lebenshilfe-guestrow.com\/index.php?rest_route=\/wp\/v2\/pages\/463\/revisions\/2411"}],"up":[{"embeddable":true,"href":"https:\/\/lebenshilfe-guestrow.com\/index.php?rest_route=\/wp\/v2\/pages\/450"}],"wp:attachment":[{"href":"https:\/\/lebenshilfe-guestrow.com\/index.php?rest_route=%2Fwp%2Fv2%2Fmedia&parent=463"}],"curies":[{"name":"wp","href":"https:\/\/api.w.org\/{rel}","templated":true}]}}