{"id":919,"date":"2023-12-15T11:56:22","date_gmt":"2023-12-15T10:56:22","guid":{"rendered":"https:\/\/Lebenshilfe-Gues-ukcpok3l9w.live-website.com\/?page_id=919"},"modified":"2024-05-21T07:52:38","modified_gmt":"2024-05-21T05:52:38","slug":"kontakt","status":"publish","type":"page","link":"https:\/\/lebenshilfe-guestrow.com\/?page_id=919","title":{"rendered":"Kontakt"},"content":{"rendered":"\n<hr class=\"wp-block-separator has-alpha-channel-opacity\"\/>\n\n\n\n<div class=\"wp-block-cover\" style=\"min-height:380px;aspect-ratio:unset;\"><span aria-hidden=\"true\" class=\"wp-block-cover__background has-background-dim-10 has-background-dim\"><\/span><img loading=\"lazy\" decoding=\"async\" width=\"1200\" height=\"800\" class=\"wp-block-cover__image-background wp-image-920\" alt=\"\" src=\"https:\/\/Lebenshilfe-Gues-ukcpok3l9w.live-website.com\/wp-content\/uploads\/2023\/12\/Bild-Kontakt.jpg\" data-object-fit=\"cover\" srcset=\"https:\/\/lebenshilfe-guestrow.com\/wp-content\/uploads\/2023\/12\/Bild-Kontakt.jpg 1200w, https:\/\/lebenshilfe-guestrow.com\/wp-content\/uploads\/2023\/12\/Bild-Kontakt-300x200.jpg 300w, https:\/\/lebenshilfe-guestrow.com\/wp-content\/uploads\/2023\/12\/Bild-Kontakt-1024x683.jpg 1024w, https:\/\/lebenshilfe-guestrow.com\/wp-content\/uploads\/2023\/12\/Bild-Kontakt-768x512.jpg 768w\" sizes=\"auto, (max-width: 1200px) 100vw, 1200px\" \/><div class=\"wp-block-cover__inner-container is-layout-constrained wp-block-cover-is-layout-constrained\">\n<p class=\"has-text-align-center has-large-font-size\"><\/p>\n<\/div><\/div>\n\n\n\n<hr class=\"wp-block-separator has-alpha-channel-opacity\"\/>\n\n\n\n<div class=\"wp-block-columns is-layout-flex wp-container-core-columns-is-layout-9d6595d7 wp-block-columns-is-layout-flex\">\n<div class=\"wp-block-column is-layout-flow wp-block-column-is-layout-flow\" style=\"flex-basis:16%\"><\/div>\n\n\n\n<div class=\"wp-block-column is-layout-flow wp-block-column-is-layout-flow\" style=\"flex-basis:75%\">\n<h2 class=\"wp-block-heading\"><a href=\"https:\/\/Lebenshilfe-Gues-ukcpok3l9w.live-website.com\/\">Gesch\u00e4ftsstelle<\/a><\/h2>\n\n\n\n<figure class=\"wp-block-table is-style-stripes\"><table><tbody><tr><td><\/td><td>Lebenshilfe G\u00fcstrow e.V.<br>Gustav-Adolf-Stra\u00dfe 8<br>18273 G\u00fcstrow<\/td><td>Tel: 03843 \/ 85 59-0<br>Fax: 03843 \/ 85 59 10<br><a href=\"mailto:post@lebenshilfe-guestrow.de\" target=\"_blank\" rel=\"noreferrer noopener\">post@lebenshilfe-guestrow.de<\/a><\/td><\/tr><\/tbody><\/table><\/figure>\n\n\n\n<h2 class=\"wp-block-heading\"><a href=\"https:\/\/Lebenshilfe-Gues-ukcpok3l9w.live-website.com\/?page_id=734\">Besonderes Wohnen G\u00fcstrow<\/a><\/h2>\n\n\n\n<figure class=\"wp-block-table is-style-stripes\"><table><tbody><tr><td>Besonderes Wohnen G\u00fcstrow<br>Ebereschenweg 5<br>18273 G\u00fcstrow<\/td><td>Tel: 03843 \/ 211 084<br>Fax: 03843 \/ 218 101<br><a href=\"mailto:wohnen@lebenshilfe-guestrow.de\" target=\"_blank\" rel=\"noreferrer noopener\">wohnen@lebenshilfe-guestrow.de<\/a><\/td><\/tr><\/tbody><\/table><\/figure>\n\n\n\n<h2 class=\"wp-block-heading\"><a href=\"https:\/\/Lebenshilfe-Gues-ukcpok3l9w.live-website.com\/?page_id=750\">Besonderes Wohnen Krakow am See<\/a><\/h2>\n\n\n\n<figure class=\"wp-block-table is-style-stripes\"><table><tbody><tr><td>Besonderes Wohnen Krakow<br>Buchenweg 37<br>18292 Krakow am See<\/td><td>Tel: 038457 \/ 30 50<br>Fax: 03843 \/ 855 910<br><a href=\"mailto:leitung-krakow@lebenshilfe-guestrow.de\" target=\"_blank\" rel=\"noreferrer noopener\">leitung-krakow@lebenshilfe-guestrow.de<\/a><\/td><\/tr><\/tbody><\/table><\/figure>\n\n\n\n<h2 class=\"wp-block-heading\"><a href=\"https:\/\/Lebenshilfe-Gues-ukcpok3l9w.live-website.com\/?page_id=434\">Familienentlastender Dienst<\/a><\/h2>\n\n\n\n<figure class=\"wp-block-table is-style-stripes\"><table><tbody><tr><td>Familienentlastender Dienst<br>Gustav-Adolf-Stra\u00dfe 8<br>18273 G\u00fcstrow<\/td><td>Tel: 03843 \/ 855 916<br>Fax: 03843 \/ 855 910<br><a href=\"mailto:fed@lebenshilfe-guestrow.de\" target=\"_blank\" rel=\"noreferrer noopener\">fed@lebenshilfe-guestrow.de<\/a><\/td><\/tr><\/tbody><\/table><\/figure>\n\n\n\n<h2 class=\"wp-block-heading\"><a href=\"https:\/\/Lebenshilfe-Gues-ukcpok3l9w.live-website.com\/?page_id=826\">Heilp\u00e4dagogische Fr\u00fchf\u00f6rderung<\/a><\/h2>\n\n\n\n<figure class=\"wp-block-table is-style-stripes\"><table><tbody><tr><td>Heilp\u00e4dagogische Fr\u00fchf\u00f6rderung<br>Stra\u00dfe der Freundschaft 6<br>17166 Teterow<\/td><td>Tel: 0172 656 2087<br>Tel: 0173 762 6719<br>Tel: 0162 192 1587<br>Fax: 03996 \/ 140 766<br><a href=\"mailto:HFF@lebenshilfe-guestrow.de\" target=\"_blank\" rel=\"noreferrer noopener\">HFF@lebenshilfe-guestrow.de<\/a><\/td><\/tr><\/tbody><\/table><\/figure>\n\n\n\n<h2 class=\"wp-block-heading\"><a href=\"https:\/\/Lebenshilfe-Gues-ukcpok3l9w.live-website.com\/?page_id=848\">Individuelle Lebensbew\u00e4ltigung<\/a><\/h2>\n\n\n\n<figure class=\"wp-block-table is-style-stripes\"><table><tbody><tr><td>Lebenshilfe G\u00fcstrow e.V.<br>Individuelle Lebensbew\u00e4ltigung<br>Ebereschenweg 5<br>18273 G\u00fcstrow<\/td><td>Tel: 0173 605 79 19<br>Fax: 03843 \/ 218 101<br><a href=\"mailto:ABW@lebenshilfe-guestrow.de\" target=\"_blank\" rel=\"noreferrer noopener\">ABW@lebenshilfe-guestrow.de<\/a><\/td><\/tr><\/tbody><\/table><\/figure>\n\n\n\n<h2 class=\"wp-block-heading\"><a href=\"https:\/\/Lebenshilfe-Gues-ukcpok3l9w.live-website.com\/?page_id=169\">Integrative Kita &#8222;Medicus&#8220;<\/a><\/h2>\n\n\n\n<figure class=\"wp-block-table is-style-stripes\"><table><tbody><tr><td>Integrative Kita &#8222;Medicus&#8220;<br>Friedrich-Trendelenburg-Allee 1<br>18273 G\u00fcstrow<\/td><td>Tel: 03843 \/ 343 090<br><a href=\"mailto:landowski@lebenshilfe-guestrow.de\" target=\"_blank\" rel=\"noreferrer noopener\">landowski@lebenshilfe-guestrow.de<\/a><\/td><\/tr><\/tbody><\/table><\/figure>\n\n\n\n<h2 class=\"wp-block-heading\"><a href=\"https:\/\/Lebenshilfe-Gues-ukcpok3l9w.live-website.com\/?page_id=355\">Integrative Kita &#8222;Ostwind&#8220;<\/a><\/h2>\n\n\n\n<figure class=\"wp-block-table is-style-stripes\"><table><tbody><tr><td>Integrative Kita &#8222;Ostwind&#8220;<br>Stra\u00dfe der Freundschaft 6<br>17166 Teterow<\/td><td>Tel: 03996 \/ 173 035<br>Fax: 03996 \/ 140 767<br><a href=\"mailto:leitung-teterow@lebenshilfe-guestrow.de\" target=\"_blank\" rel=\"noreferrer noopener\">leitung-teterow@lebenshilfe-guestrow.de<\/a><\/td><\/tr><\/tbody><\/table><\/figure>\n\n\n\n<h2 class=\"wp-block-heading\"><a href=\"https:\/\/Lebenshilfe-Gues-ukcpok3l9w.live-website.com\/?page_id=152\">Integrative Kita &#8222;Schnatterst\u00fcbchen&#8220;<\/a><\/h2>\n\n\n\n<figure class=\"wp-block-table is-style-stripes\"><table><tbody><tr><td>Integrative Kita &#8222;Schnatterst\u00fcbchen&#8220;<br>Neue Stra\u00dfe 3<br>17168 J\u00f6rdenstorf<\/td><td>Tel: 039977 \/ 302 73<br>Fax: 039977 \/ 398 63<br><a href=\"mailto:leitung-joerdenstorf@lebenshilfe-guestrow.de\" target=\"_blank\" rel=\"noreferrer noopener\">leitung-joerdenstorf@lebenshilfe-guestrow.de<\/a><br><\/td><\/tr><\/tbody><\/table><\/figure>\n\n\n\n<h2 class=\"wp-block-heading\"><a href=\"https:\/\/Lebenshilfe-Gues-ukcpok3l9w.live-website.com\/?page_id=39\">Integrative Kita &#8222;Sonnenkinder&#8220;<\/a><\/h2>\n\n\n\n<figure class=\"wp-block-table is-style-stripes\"><table><tbody><tr><td>Integrative Kita &#8222;Sonnenkinder&#8220;<br>Gustav-Adolf-Stra\u00dfe 8<br>18273 G\u00fcstrow<\/td><td>Tel: 03843 \/ 855 915<br>Fax: 03843 \/ 855 910<br><a href=\"mailto:leitung-guestrow@lebenshilfe-guestrow.de\" target=\"_blank\" rel=\"noreferrer noopener\">leitung-guestrow@lebenshilfe-guestrow.de<\/a><\/td><\/tr><\/tbody><\/table><\/figure>\n\n\n\n<h2 class=\"wp-block-heading\"><a href=\"https:\/\/Lebenshilfe-Gues-ukcpok3l9w.live-website.com\/?page_id=336\">Kita &#8222;Landm\u00e4use&#8220;<\/a><\/h2>\n\n\n\n<figure class=\"wp-block-table is-style-stripes\"><table><tbody><tr><td>Kita &#8222;Landm\u00e4use&#8220;<br>Unkel-Br\u00e4sig-Weg 40<br>18299 Diekhof<\/td><td>Tel: 038455 \/ 205 85<br>Fax: 038455 \/ 222 55<br><a href=\"mailto:leitung-diekhof@lebenshilfe-guestrow.de\" target=\"_blank\" rel=\"noreferrer noopener\">leitung-diekhof@lebenshilfe-guestrow.de<\/a><\/td><\/tr><\/tbody><\/table><\/figure>\n\n\n\n<p><\/p>\n<\/div>\n\n\n\n<div class=\"wp-block-column is-layout-flow wp-block-column-is-layout-flow\" style=\"flex-basis:25%\"><\/div>\n<\/div>\n","protected":false},"excerpt":{"rendered":"<p>Gesch\u00e4ftsstelle Lebenshilfe G\u00fcstrow e.V.Gustav-Adolf-Stra\u00dfe 818273 G\u00fcstrow Tel: 03843 \/ 85 59-0Fax: 03843 \/ 85 59 10post@lebenshilfe-guestrow.de Besonderes Wohnen G\u00fcstrow Besonderes Wohnen G\u00fcstrowEbereschenweg 518273 G\u00fcstrow Tel: 03843 \/ 211 084Fax: 03843 \/ 218 101wohnen@lebenshilfe-guestrow.de Besonderes Wohnen Krakow am See Besonderes Wohnen KrakowBuchenweg 3718292 Krakow am See Tel: 038457 \/ 30 50Fax: 03843 \/ 855 910leitung-krakow@lebenshilfe-guestrow.de Familienentlastender [&hellip;]<\/p>\n","protected":false},"author":1,"featured_media":0,"parent":0,"menu_order":0,"comment_status":"closed","ping_status":"closed","template":"","meta":{"ocean_post_layout":"full-screen","ocean_both_sidebars_style":"","ocean_both_sidebars_content_width":0,"ocean_both_sidebars_sidebars_width":0,"ocean_sidebar":"","ocean_second_sidebar":"","ocean_disable_margins":"enable","ocean_add_body_class":"","ocean_shortcode_before_top_bar":"","ocean_shortcode_after_top_bar":"","ocean_shortcode_before_header":"","ocean_shortcode_after_header":"","ocean_has_shortcode":"","ocean_shortcode_after_title":"","ocean_shortcode_before_footer_widgets":"","ocean_shortcode_after_footer_widgets":"","ocean_shortcode_before_footer_bottom":"","ocean_shortcode_after_footer_bottom":"","ocean_display_top_bar":"default","ocean_display_header":"default","ocean_header_style":"","ocean_center_header_left_menu":"","ocean_custom_header_template":"","ocean_custom_logo":0,"ocean_custom_retina_logo":0,"ocean_custom_logo_max_width":0,"ocean_custom_logo_tablet_max_width":0,"ocean_custom_logo_mobile_max_width":0,"ocean_custom_logo_max_height":0,"ocean_custom_logo_tablet_max_height":0,"ocean_custom_logo_mobile_max_height":0,"ocean_header_custom_menu":"","ocean_menu_typo_font_family":"","ocean_menu_typo_font_subset":"","ocean_menu_typo_font_size":0,"ocean_menu_typo_font_size_tablet":0,"ocean_menu_typo_font_size_mobile":0,"ocean_menu_typo_font_size_unit":"px","ocean_menu_typo_font_weight":"","ocean_menu_typo_font_weight_tablet":"","ocean_menu_typo_font_weight_mobile":"","ocean_menu_typo_transform":"","ocean_menu_typo_transform_tablet":"","ocean_menu_typo_transform_mobile":"","ocean_menu_typo_line_height":0,"ocean_menu_typo_line_height_tablet":0,"ocean_menu_typo_line_height_mobile":0,"ocean_menu_typo_line_height_unit":"","ocean_menu_typo_spacing":0,"ocean_menu_typo_spacing_tablet":0,"ocean_menu_typo_spacing_mobile":0,"ocean_menu_typo_spacing_unit":"","ocean_menu_link_color":"","ocean_menu_link_color_hover":"","ocean_menu_link_color_active":"","ocean_menu_link_background":"","ocean_menu_link_hover_background":"","ocean_menu_link_active_background":"","ocean_menu_social_links_bg":"","ocean_menu_social_hover_links_bg":"","ocean_menu_social_links_color":"","ocean_menu_social_hover_links_color":"","ocean_disable_title":"default","ocean_disable_heading":"default","ocean_post_title":"","ocean_post_subheading":"","ocean_post_title_style":"","ocean_post_title_background_color":"","ocean_post_title_background":0,"ocean_post_title_bg_image_position":"","ocean_post_title_bg_image_attachment":"","ocean_post_title_bg_image_repeat":"","ocean_post_title_bg_image_size":"","ocean_post_title_height":0,"ocean_post_title_bg_overlay":0.5,"ocean_post_title_bg_overlay_color":"","ocean_disable_breadcrumbs":"default","ocean_breadcrumbs_color":"","ocean_breadcrumbs_separator_color":"","ocean_breadcrumbs_links_color":"","ocean_breadcrumbs_links_hover_color":"","ocean_display_footer_widgets":"default","ocean_display_footer_bottom":"default","ocean_custom_footer_template":"","footnotes":""},"class_list":["post-919","page","type-page","status-publish","hentry","entry"],"_links":{"self":[{"href":"https:\/\/lebenshilfe-guestrow.com\/index.php?rest_route=\/wp\/v2\/pages\/919","targetHints":{"allow":["GET"]}}],"collection":[{"href":"https:\/\/lebenshilfe-guestrow.com\/index.php?rest_route=\/wp\/v2\/pages"}],"about":[{"href":"https:\/\/lebenshilfe-guestrow.com\/index.php?rest_route=\/wp\/v2\/types\/page"}],"author":[{"embeddable":true,"href":"https:\/\/lebenshilfe-guestrow.com\/index.php?rest_route=\/wp\/v2\/users\/1"}],"replies":[{"embeddable":true,"href":"https:\/\/lebenshilfe-guestrow.com\/index.php?rest_route=%2Fwp%2Fv2%2Fcomments&post=919"}],"version-history":[{"count":30,"href":"https:\/\/lebenshilfe-guestrow.com\/index.php?rest_route=\/wp\/v2\/pages\/919\/revisions"}],"predecessor-version":[{"id":1508,"href":"https:\/\/lebenshilfe-guestrow.com\/index.php?rest_route=\/wp\/v2\/pages\/919\/revisions\/1508"}],"wp:attachment":[{"href":"https:\/\/lebenshilfe-guestrow.com\/index.php?rest_route=%2Fwp%2Fv2%2Fmedia&parent=919"}],"curies":[{"name":"wp","href":"https:\/\/api.w.org\/{rel}","templated":true}]}}